{"id":8,"date":"2018-07-25T10:50:04","date_gmt":"2018-07-25T07:50:04","guid":{"rendered":"http:\/\/bogazi.ci\/?page_id=8"},"modified":"2020-12-13T21:11:13","modified_gmt":"2020-12-13T18:11:13","slug":"ana-sayfa","status":"publish","type":"page","link":"https:\/\/bogazi.ci\/index.php\/ana-sayfa\/","title":{"rendered":"Ana sayfa"},"content":{"rendered":"\t\t<div data-elementor-type=\"wp-post\" data-elementor-id=\"8\" class=\"elementor elementor-8\">\n\t\t\t\t\t\t<section class=\"elementor-section elementor-top-section elementor-element elementor-element-e419e03 elementor-section-boxed elementor-section-height-default elementor-section-height-default\" data-id=\"e419e03\" data-element_type=\"section\">\n\t\t\t\t\t\t<div class=\"elementor-container elementor-column-gap-default\">\n\t\t\t\t\t<div class=\"elementor-column elementor-col-100 elementor-top-column elementor-element elementor-element-32115d86\" data-id=\"32115d86\" data-element_type=\"column\">\n\t\t\t<div class=\"elementor-widget-wrap elementor-element-populated\">\n\t\t\t\t\t\t<div class=\"elementor-element elementor-element-75a1e1ec elementor-widget elementor-widget-text-editor\" data-id=\"75a1e1ec\" data-element_type=\"widget\" data-widget_type=\"text-editor.default\">\n\t\t\t\t<div class=\"elementor-widget-container\">\n\t\t\t\t\t\t\t<p><!-- wp:media-text {\"mediaId\":370,\"mediaType\":\"video\"} --><\/p>\n<div class=\"wp-block-media-text alignwide\">\n<figure class=\"wp-block-media-text__media\">\n<p><div style=\"width: 1088px;\" class=\"wp-video\"><video class=\"wp-video-shortcode\" id=\"video-8-1\" width=\"1088\" height=\"1922\" preload=\"metadata\" controls=\"controls\"><source type=\"video\/mp4\" src=\"http:\/\/bogazi.ci\/wp-content\/uploads\/2019\/07\/Bosphorus-Mp4-Video.m4v?_=1\" \/><a href=\"http:\/\/bogazi.ci\/wp-content\/uploads\/2019\/07\/Bosphorus-Mp4-Video.m4v\">http:\/\/bogazi.ci\/wp-content\/uploads\/2019\/07\/Bosphorus-Mp4-Video.m4v<\/a><\/video><\/div><\/p>\n<\/figure>\n<div class=\"wp-block-media-text__content\">\n<p><!-- wp:paragraph {\"fontSize\":\"medium\"} --><\/p>\n<p class=\"has-medium-font-size\"><strong>Bo\u011fazi\u00e7i&#8217;nin Tarih Atlas\u0131<\/strong> Tima\u015f Yay\u0131nlar\u0131&#8217;nca <strong>A\u011fustos 2018<\/strong>&#8216;de yay\u0131nland\u0131.<\/p>\n<p><!-- \/wp:paragraph --><\/p>\n<p><!-- wp:paragraph {\"fontSize\":\"medium\"} --><\/p>\n<p class=\"has-medium-font-size\">\u00c7ok k\u0131sa s\u00fcrede t\u00fckenen bu bask\u0131n\u0131n ard\u0131ndan <strong>Ekim 2018<\/strong>&#8216;de <strong>ikinci bask\u0131<\/strong>s\u0131n\u0131 yapt\u0131.<\/p>\n<p><!-- \/wp:paragraph --><\/p>\n<p><!-- wp:paragraph {\"fontSize\":\"medium\"} --><\/p>\n<p class=\"has-medium-font-size\">Bo\u011fazi\u00e7i&#8217;nde o iki ayda bile bir\u00e7ok \u015fey de\u011fi\u015fti; y\u0131k\u0131lan, yap\u0131lan binalar oldu. Kitap bu de\u011fi\u015fimi de i\u00e7erecek \u015fekilde g\u00fcncellendi.<\/p>\n<p><!-- \/wp:paragraph --><\/p>\n<p><!-- wp:paragraph {\"fontSize\":\"medium\"} --><\/p>\n<p class=\"has-medium-font-size\">Bir ad\u0131m sonra, Dr. <b>G\u00f6k\u00e7en Ezber<\/b>&#8216;in titiz \u00e7evirisiyle,\u00a0<strong>\u0130ngilizce<\/strong>ye uyarland\u0131 ve\u00a0<strong>The Bosphorus: An Illustrated Story<\/strong> ad\u0131yla piyasaya sunuldu.<\/p>\n<p><!-- \/wp:paragraph --><\/p>\n<\/div>\n<\/div>\n<p><!-- \/wp:media-text --><\/p>\n<p>Bundan sonraki bask\u0131larda da i\u00e7eri\u011fi g\u00fcncel tutma \u00e7abas\u0131 s\u00fcrecek. Bakal\u0131m ba\u015fka yerde oldu\u011fu gibi, hatta daha fazla, Bo\u011fazi\u00e7i&#8217;nde de zaman ka\u00e7\u0131p giderken, biraz olsun pe\u015finden ko\u015fup yakalayabilecek miyiz.<\/p>\n<p>Tima\u015f Yay\u0131nlar\u0131&#8217;n\u0131n internet sitesinde kitapla ilgili ba\u015fl\u0131ca teknik bilgileri bulmak m\u00fcmk\u00fcn. Sat\u0131n almak i\u00e7inse yandaki resme <a href=\"https:\/\/www.kitapyurdu.com\/kitap\/bogazicinin-tarih-atlasi\/470406.html\">t\u0131klamak<\/a> yeterli.<\/p>\n<p><a href=\"http:\/\/www.timas.com.tr\/kitap\/bogazicinin-tarih-atlasi\/\">http:\/\/www.timas.com.tr\/kitap\/bogazicinin-tarih-atlasi\/<\/a><\/p>\t\t\t\t\t\t<\/div>\n\t\t\t\t<\/div>\n\t\t\t\t\t<\/div>\n\t\t<\/div>\n\t\t\t\t\t<\/div>\n\t\t<\/section>\n\t\t\t\t<\/div>\n\t\t","protected":false},"excerpt":{"rendered":"<p>Bo\u011fazi\u00e7i&#8217;nin Tarih Atlas\u0131 Tima\u015f Yay\u0131nlar\u0131&#8217;nca A\u011fustos 2018&#8216;de yay\u0131nland\u0131. \u00c7ok k\u0131sa s\u00fcrede t\u00fckenen bu bask\u0131n\u0131n ard\u0131ndan Ekim 2018&#8216;de ikinci bask\u0131s\u0131n\u0131 yapt\u0131. Bo\u011fazi\u00e7i&#8217;nde o iki ayda bile bir\u00e7ok \u015fey de\u011fi\u015fti; y\u0131k\u0131lan, yap\u0131lan binalar oldu. Kitap bu de\u011fi\u015fimi de i\u00e7erecek \u015fekilde g\u00fcncellendi. Bir ad\u0131m sonra, Dr. G\u00f6k\u00e7en Ezber&#8216;in titiz \u00e7evirisiyle,\u00a0\u0130ngilizceye uyarland\u0131 ve\u00a0The Bosphorus: An Illustrated Story ad\u0131yla piyasaya [&hellip;]<\/p>\n","protected":false},"author":1,"featured_media":0,"parent":0,"menu_order":0,"comment_status":"closed","ping_status":"closed","template":"","meta":{"site-sidebar-layout":"default","site-content-layout":"","ast-site-content-layout":"default","site-content-style":"default","site-sidebar-style":"default","ast-global-header-display":"","ast-banner-title-visibility":"","ast-main-header-display":"","ast-hfb-above-header-display":"","ast-hfb-below-header-display":"","ast-hfb-mobile-header-display":"","site-post-title":"","ast-breadcrumbs-content":"","ast-featured-img":"","footer-sml-layout":"","ast-disable-related-posts":"","theme-transparent-header-meta":"","adv-header-id-meta":"","stick-header-meta":"","header-above-stick-meta":"","header-main-stick-meta":"","header-below-stick-meta":"","astra-migrate-meta-layouts":"default","ast-page-background-enabled":"default","ast-page-background-meta":{"desktop":{"background-color":"","background-image":"","background-repeat":"repeat","background-position":"center center","background-size":"auto","background-attachment":"scroll","background-type":"","background-media":"","overlay-type":"","overlay-color":"","overlay-opacity":"","overlay-gradient":""},"tablet":{"background-color":"","background-image":"","background-repeat":"repeat","background-position":"center center","background-size":"auto","background-attachment":"scroll","background-type":"","background-media":"","overlay-type":"","overlay-color":"","overlay-opacity":"","overlay-gradient":""},"mobile":{"background-color":"","background-image":"","background-repeat":"repeat","background-position":"center center","background-size":"auto","background-attachment":"scroll","background-type":"","background-media":"","overlay-type":"","overlay-color":"","overlay-opacity":"","overlay-gradient":""}},"ast-content-background-meta":{"desktop":{"background-color":"var(--ast-global-color-5)","background-image":"","background-repeat":"repeat","background-position":"center center","background-size":"auto","background-attachment":"scroll","background-type":"","background-media":"","overlay-type":"","overlay-color":"","overlay-opacity":"","overlay-gradient":""},"tablet":{"background-color":"var(--ast-global-color-5)","background-image":"","background-repeat":"repeat","background-position":"center center","background-size":"auto","background-attachment":"scroll","background-type":"","background-media":"","overlay-type":"","overlay-color":"","overlay-opacity":"","overlay-gradient":""},"mobile":{"background-color":"var(--ast-global-color-5)","background-image":"","background-repeat":"repeat","background-position":"center center","background-size":"auto","background-attachment":"scroll","background-type":"","background-media":"","overlay-type":"","overlay-color":"","overlay-opacity":"","overlay-gradient":""}},"_themeisle_gutenberg_block_has_review":false,"footnotes":""},"class_list":["post-8","page","type-page","status-publish","hentry"],"jetpack_sharing_enabled":true,"_links":{"self":[{"href":"https:\/\/bogazi.ci\/index.php\/wp-json\/wp\/v2\/pages\/8","targetHints":{"allow":["GET"]}}],"collection":[{"href":"https:\/\/bogazi.ci\/index.php\/wp-json\/wp\/v2\/pages"}],"about":[{"href":"https:\/\/bogazi.ci\/index.php\/wp-json\/wp\/v2\/types\/page"}],"author":[{"embeddable":true,"href":"https:\/\/bogazi.ci\/index.php\/wp-json\/wp\/v2\/users\/1"}],"replies":[{"embeddable":true,"href":"https:\/\/bogazi.ci\/index.php\/wp-json\/wp\/v2\/comments?post=8"}],"version-history":[{"count":21,"href":"https:\/\/bogazi.ci\/index.php\/wp-json\/wp\/v2\/pages\/8\/revisions"}],"predecessor-version":[{"id":400,"href":"https:\/\/bogazi.ci\/index.php\/wp-json\/wp\/v2\/pages\/8\/revisions\/400"}],"wp:attachment":[{"href":"https:\/\/bogazi.ci\/index.php\/wp-json\/wp\/v2\/media?parent=8"}],"curies":[{"name":"wp","href":"https:\/\/api.w.org\/{rel}","templated":true}]}}